-30
What is the value of -21 - ((22 - 19) + (4 - 15))?
-13
What is the value of 15 + 0 - (-597 - -610)?
2
What is the value of -1 - (0 + 2 - (9 + -7 + -5))?
-6
Evaluate -1 - (-2 + -12 + 14 + -5).
4
Calculate (-11 + -15 - -18) + -5.
-13
What is -9 - (-7 + (-15 + 6 - -7))?
0
What is the value of -34 - (0 + 19 + -72)?
19
Evaluate -4 - (-27 - 12) - 23.
12
Evaluate (-14 - -31 - 12) + 7 + -1.
11
What is the value of -17 + (-18 - -17 - (-11 - 0))?
-7
Calculate 10 + 1 - (-45 - -55).
1
Calculate 1007 - 1023 - (-18 + 0).
2
(-5 - -15) + -23 + (3 - 8) + 3
-15
What is (-1 - 10) + (15 - 35 - -30)?
-1
What is the value of (-23 - (-14 - 6)) + -5?
-8
Calculate 13 + 1 + (-27 - (-64 + 74)).
-23
What is (-79 - -35) + 34 - (10 + 1) - -11?
-10
What is the value of (9 - 5) + -7 + (-7 - (1 - 8))?
-3
30 + -46 - (5 + (1 - 1)) - 2
-23
100 + -124 - (0 - -1 - 6 - -2)
-21
What is 4 + 138 + -130 + -16 + -1?
-5
Calculate -12 - (7 + 1 - (2 + -20 + 21)).
-17
What is 3 + -1 + (8 - -12 - 31)?
-9
Evaluate 2 + (-13 - (-9 + -9)).
7
What is the value of 4 + -9 + 1 + (-61 - -22 - -27)?
-16
What is the value of -17 - (9 + (-10 - (-7 - 3)))?
-26
What is -1 + 7 + -3 - ((2 - -1) + -4)?
4
-5 + 1 + -2 + 1
-5
What is the value of (-2 - 8) + -10 + 10 + -16?
-26
Evaluate 4 - (-7 - (-30 + 13)).
-6
-10 - 0 - (-107 - -96) - -3
4
Calculate -2 + 19 + -462 + 467.
22
(-8 - (7 - 13) - 4) + (1 - 2)
-7
20 + (-4 - -1) + (8 - (25 - 10))
10
Evaluate 0 + -17 - (200 - 208).
-9
What is the value of 0 + -9 + 1 + (-23 - -15) + 10?
-6
Evaluate 3 + -11 - (-102 + 107 + (3 - -1)).
-17
1 + 10 + 3 + -17
-3
0 + -10 + -6 - (-11 - -3)
-8
What is the value of 14 + (-6 - (-8 - -8 - 18))?
26
Evaluate (-333 - -313) + (-1 - -12).
-9
Calculate (33 - 37) + 11 + 1 - (-1 + 30).
-21
Evaluate -3 - (15 + (-12 - -3) + -8).
-1
What is 5 + -1 + (3 - (-4 + 4))?
7
What is the value of -1 + 2 + (12 - (-2 + 11)) + -3?
1
What is -45 + 46 + (1 - 14)?
-12
Calculate -6 + 6 + 5 + -2 + (8 - 3).
8
252 + -252 - (0 - -31)
-31
What is the value of 16 - 1 - (-4 + -3)?
22
Evaluate (-1 - -21) + (-471 - -454).
3
What is 2 + -16 + (-11 - -37)?
12
What is -1 + 5 - (-148 + 150)?
2
What is 4 + (-14 - (-7 + 0 - -9)) + 2?
-10
2 - 11 - (3 + 2)
-14
What is (-4 - (-1 + 5)) + 10 + -18?
-16
What is -11 - (-18 - (-25 + 4 - -16))?
2
(80 - 94) + (-4 - -3)
-15
Calculate -1 + 7 + -36 + -24 + 41.
-13
Evaluate -2 - (-7 - (-7 + 2) - 6).
6
What is the value of 2 + (-5 + -26 - -55)?
26
Evaluate -2 + (-2 - 10) - -29.
15
What is the value of (-2 - 22) + -4 + 18 - 3?
-13
What is the value of (51 - 54) + -2 + -7?
-12
-18 - (-10 + (-14 - -20))
-14
What is -3 - -2 - -5 - (-12 + 19)?
-3
What is the value of (13 - 15) + 2 + -2 + 4 - -1?
3
(16 - 3) + -8 - (1 - -4)
0
What is -5 + -1 + 8 + (-1 - -10)?
11
What is -221 + 203 - (-6 - 3 - -1)?
-10
Evaluate 18 + 24 - (-13 + 36).
19
1 + 3 + (-16 - (-19 - 5))
12
Calculate (-4 - 2) + -8 + 7 - -13.
6
Calculate 4 + 15 - (2 + -2 - (5 - 4)).
20
Evaluate -1 + (-4 - -11 - (2 + 7)) + 13.
10
Evaluate -5 - (-20 + 11 - 9) - 1.
12
What is 13 + (2 - 23 - -10 - 1)?
1
What is the value of 19 + 24 + 3 + -25?
21
What is (132 - 134) + -2 + 0 + 42 + -9?
29
What is -9 + 12 - (-4 + (10 - 4))?
1
Evaluate 4 - (9 + 8 + 4).
-17
9 - (15 + 11 + -14) - -9
6
Calculate -24 + 29 + 12 + -32.
-15
What is the value of -17 - (-5 - ((-4 - 6) + 12 + -9))?
-19
13 + (7 - (5 - (-3 - 4))) - 35
-27
What is the value of 6 + 1 - (3 - -13 - 2)?
-7
Calculate (1 - 17) + -567 + 573.
-10
What is the value of 398 + -389 - (1 + 29)?
-21
9 - (7 + 20 + -13)
-5
-7 + (14 - 3 - 4) + -2 + 1
-1
-21 - (24 + -19 - 13)
-13
What is the value of 0 - 42 - (-960 + 939)?
-21
Evaluate 27 + -1 - (151 + -136).
11
What is 21 + -13 + -7 + (-1 - 2) + 22?
20
6 - (8 + -6 - -12) - 13
-21
What is the value of (21 - 27) + (4 - (6 + -4))?
-4
What is the value of 38 + (-44 - -24) - 7?
11
What is -55 - (-58 - 20) - (7 + 0)?
16
What is the value of -1 - (-1 - -9 - (59 + -38))?
12
Evaluate (4 - 7) + 11 - (-7 - -9).
6
What is the value of -2 - (-4 + 0 - (17 - -2))?
21
What is the value of 8 + (20 - 30) + (-2 - (3 + -9))?
2
Evaluate 41 + (-71 - -5) - -16.
-9
Calculate 3 + -3 - (0 + (2 + 6 - 16)).
8
What is 7 + -15 - (-1 + -10) - (-1 - -1)?
3
What is the value of -1 - (-10 + (-11 - (-7 - 2)))?
11
What is the value of (-4 + 1 - -19) + (-26 - -18)?
8
What is -245 - -254 - (-3 + -12 + 3)?
21
Evaluate 0 + -9 - ((1 - (6 - 8)) + -12).
0
-9 + (0 - (-9 + -1))
1
Calculate (23 - (1 + 1)) + -6 + (1 - 0).
16
Calculate 10 + 2 + -11 + -8.
-7
What is (-1 - -6) + -18 + 12?
-1
Evaluate -11 + (206 - 202 - (1 + -7)).
-1
What is the value of -10 + (7 - -5 - 3) - -3?
2
Evaluate -2 + -2 - -2 - -8 - (36 + -36).
6
What is -23 + (-4 - (23 - 38))?
-12
-6 + 17 + -4 - (-2 + 5) - 14
-10
Calculate (7 - -15) + -16 - 10.
-4
What is (0 - 1) + -12 - (-6075 - -6036)?
26
What is the value of (2 - 6) + (18 - (14 - -1))?
-1
Calculate (-3 - 6 - 8 - -9) + 9.
1
Calculate (-4 - (1 + (0 - 6 - 4))) + -14.
-9
What is the value of -26 - (1 + -1 + -17) - (14 + 0)?
-23
Evaluate -20 + (18 - (14 - 29)).
13
What is 2 - (-3 + -4) - (3 + 0 + 8)?
-2
Evaluate (-52 - -58) + -8 + (-4 - -9).
3
What is the value of -1 - 0 - (-36 - (-9 + -10))?
16
Evaluate 17 + -5 + (-14 - 13).
-15
-22 + 26 + -11 + -9
-16
What is the value of 3 - ((-6 - (4 + -7)) + -7 + 2)?
11
Evaluate (-3 + 2 - 8 - -4) + 25 + -23.
-3
(2 - 12) + (310 - 291)
9
Calculate -20 - 2 - (-5 - (6 - (5 - -7))).
-23
What is the value of (10 - 7) + -4 - -1 - -12?
12
Evaluate -24 + (11 - 18) + 22 + -8.
-17
(1 - -4) + (-46 - -24) + 17
0
1 - 13 - (3 - 5) - -27
17
What is the value of 5 - (0 + (2 - (1 - (-3 + -4))))?
11
Evaluate (-6 - 2 - (-5 + 5 - 7)) + -4.
-5
Evaluate -18 - ((9 + 9 - 14) + -8).
-14
(5 - 1) + -4 + (-16 - -21 - 1)
4
Calculate -2 - -2 - (2 - (10 + -26 + 16)).
-2
What is the value of -19 + -15 + 16 + 13?
-5
What is the value of -4 + 6 - (-77 - -104) - -13?
-12
What is -6 + (11 + -10 + 9 - -1)?
5
Evaluate (12 - (24 + -15)) + -30.
-27
What is the value of 5 + -3 + 4 - (22 + -3)?
-13
What is (5 - 11) + 24 + -26 + 28?
20
What is 9 + (-31 - -8) - -6?
-8
-26 - (-32 + 17 + 0)
-11
Evaluate (16 - 26) + 8 - (-3 - -1).
0
Evaluate (15 - (-4 + 8)) + -19.
-8
Evaluate (30 - (25 + 52)) + 26.
-21
(-30 + 11 + -12 - -10) + 17
-4
Calculate (-4 - -3) + 0 + (-16 - 15 - -14).
-18
Evaluate 12 + -6 + -19 + 21 + 5.
13
Evaluate -5 + 29 + (-17 - -4).
11
Calculate -7 + 15 + -12 + 9 - -7.
12
Calculate (-27 - -15 - 4) + 8.
-8
Calculate (4 - (5 - 15)) + (1 - 8).
7
What is the value of -11 + (-30 - (26 + -37))?
-30
Calculate (-29 - -18 - -16) + -19.
-14
What is the value of 1 + (-10 - -6) - (2 - 13)?
8
(1 - (1 - -1)) + -91 + -45 + 143
6
Calculate 17 + 0 + (12 - 21).
8
Calculate 18 - (-12 + 4 + 15).
11
What is the value of 1 - -1 - (-141 + 143)?
0
Calculate -3 + (4 - 0) + (-18 - (10 - 43)).
16
-2 + 2 + (164 - 166)
-2
Calculate (-11 - -4 - (5 - (-3 - -10))) + -6.
-11
What is -31 - (-10 - 32) - (-3 + 2)?
12
What is the value of 3 - ((-3 - -13) + -1)?
-6
What is (45 - 26) + -51 + 6?
-26
Calculate (-6 - (-5 + (3 - 3))) + -1 + 13.
11
3 + 1 + 254 + -278
-20
Calculate -31 - (-15 - (-6 + (8 - 3))).
-17
Calculate -1 + (1 - 0) + (22 - 13).
9
What is the value of 1 - (7 - (20 - 0))?
14
Calculate -10 + (-24 + 2 + 4 - 1).
-29
Calculate (-11 - (0 + 7 + -15)) + 2 + 13.
12
14 - (10 + -17 - -8)
13
What is (-138 - -143) + 0 + 26?
31
Evaluate (6 - -4 - 3) + (-10 - -11) + -17.
-9
(2 - (-51 + 39 + -5 + -1)) + -4
16
Evaluate 11 - 7 - -19 - (-4 + 17).
10
Calculate -26 + (13 - 10) + 15.
-8
What is the value of (1 - 12) + (106 - 89) + -7?
-1
What is -10 + 1 + (-51 - -76)?
16
Evaluate 9 - (9 + (-1 + 4 + -10 - -2)).
5
What is the value of (16 - 27) + (29 - 5)?
13
What is -10 - (-7 + 3) - (-14 + 8 - 9)?
9
Evaluate -10 + (-66 + 66 - (-9 - 0)) - 5.
-6
Calculate -3 - (6 - (7 + (-9 - -2))).
-9
What is 24 - 49 - -23 - 14?
-16
What is the value of 5 + -1 + -23 + (3 - 11)?
-27
Evaluate (36 - 19 - 26) + (-1 - -11).
1
Calculate (-15 - -8 - -2 - -10) + -3 + 9.
11
What is 14 + 0 + 1 + -26 + 34 + -6?
17
What is the value of (1 - 5) + (7 - (0 + 9 + -6))?
0
What is (17 - 5) + (-1 - -4)?
15
-15 + (-11 - -2) + 20
-4
What is the value of 6 + 17 + -25 + 7?
5
-10 - (-109 + 100 + (-1 - -1))
-1
4 - (-3 - 5) - (-30 + 23)
19
What is the value of (20 - 64) + 17 + 3 + -5 + -3?
-32
Evaluate 22 + (